e second derivative of -j**3/6 + j**2 - j. Give y(b).
-3
Suppose m - 3 = -2*m. Let d(i) = -3 - 1 + m + 5 + i. What is d(-4)?
-2
Let t(l) = l**3 + l - 6*l**2 + l**3 + 3*l**2. Let x(f) = f**3 + 6*f**2 - 4. Let g be x(-6). Let d = 6 + g. Give t(d).
6
Let v = 1 - 2. Let x(w) = 11*w + 1. What is x(v)?
-10
Let x(h) = h**3 + 9*h**2 + 7*h + 2. Let v be x(-8). Let u be v/15 - (-22)/(-6). Let l(j) = j**3 + 3*j**2 + 2*j + 4. What is l(u)?
-2
Let y(q) = q - 9. Let p be y(6). Let u = p - -3. Let i(s) = -2*s + 2 + 3*s + u. Give i(2).
4
Let g = 7 + -4. Suppose j - g = -0*j. Let q(m) = m. Give q(j).
3
Let d(f) be the third derivative of -f**7/2520 - f**5/60 + 7*f**4/24 - f**2. Let g(a) be the second derivative of d(a). Calculate g(3).
-11
Let z(a) = 2*a**2 - 2*a. Let v be z(2). Suppose 0 = -4*p + 8, -5*h + h + v*p = 0. Let u(m) be the first derivative of m**2 - 2*m - 6. Give u(h).
2
Let n be 1/((-9)/5 + 2). Let s(b) = 0*b**2 - n*b**2 - b**3 - 1 + 4*b**2 + 3*b + 4*b**2. What is s(4)?
-5
Let o(q) be the second derivative of -q**4/12 - q**3 - 4*q**2 - q. Calculate o(-6).
-8
Let o(p) = -13*p**3. Let q = -6 + 5. What is o(q)?
13
Let n(v) = -4*v**2 - 3 - 4 - 1 + 3. Let x(p) = -3*p**2 - 6. Let w(h) = 2*n(h) - 3*x(h). Let q(l) = -l - 3. Let f be q(-3). Determine w(f).
8
Let y(b) = -1 + 0*b**3 - 2*b + 3*b**2 - b**3 + 2. Let p be (-6)/15 + (-34)/(-10). Suppose -p*d + 5 = n - 6, n - d + 1 = 0. What is y(n)?
1
Let f(m) = 2*m + 1. Let a(b) = -3*b - 1. Let l(q) = 3*a(q) + 4*f(q). Determine l(2).
-1
Let n = 5 + -1. Suppose 3 = -n*x - 5. Let j(z) = -z**3 - z**2 + z + 1. Calculate j(x).
3
Let l(f) = -2*f**2 - 7*f + 7*f**2 + 0*f**2 - 4 + f**3. Calculate l(-6).
2
Let r(q) = -q + 11. Let i = -25 - -41. Suppose 0 = 2*g + 4 - i. Determine r(g).
5
Let l be 6/(-4) - 1/2. Let u be (l + 2/3)*-3. Let h(z) = -z**3 + 5*z**2 - 6*z + 1. Determine h(u).
-7
Let o be ((-2)/(-4))/((-2)/4). Let c(u) = 5*u**3 + u**2 + u. What is c(o)?
-5
Let s(b) = -b - 1. Let v(h) = 28*h + 24. Let j(x) = x**2 - 6*x + 6. Let z be j(5). Let r(f) = z*v(f) + 24*s(f). Calculate r(-1).
-4
Let l(i) = 4*i**2 + 4*i + 3. Let z(g) = -5*g**2 - 5*g - 4. Let b(y) = 7*l(y) + 6*z(y). Give b(-2).
-7
Let h(a) be the second derivative of a**5/20 + 7*a**4/12 + a**3 + 9*a**2/2 + 42*a. What is h(-6)?
9
Let b(f) be the first derivative of -f**3/3 - 3*f**2 - 7*f + 16. What is b(-6)?
-7
Let t = 127 - 129. Let o(s) = s + 3. Calculate o(t).
1
Suppose 5*f = -2*v - 8, 0*f = -2*f - 4. Let n(l) = 16*l + 0 - 1 - 4*l. What is n(v)?
11
Let p(j) = -27*j + 11. Let l(h) = -13*h + 5. Let z(t) = -9*l(t) + 4*p(t). Suppose 2*x = v - 7, 5*v + 0*x = -3*x - 4. Calculate z(v).
8
Suppose 2*n - 2*r - r = 24, -5*r = 5*n - 10. Let m(h) = h**3 - 7*h**2 + 8*h - 8. What is m(n)?
4
Suppose 4*r - 10 = -30. Let w(n) = n. Give w(r).
-5
Suppose 3*s + 24 = 5*z, -2*s - 5 = 3*z - 8. Let u(w) = -w + 3. Determine u(z).
0
Let v = 7 + -4. Let l(p) = -4*p**2 + 0*p**3 + 3*p - 2*p**3 + 3*p**v - 6. What is l(4)?
6
Let d(y) = -y**3 - 4*y**2 + 5*y - 6. Let h be d(-5). Let b(l) = l**3 + 7*l**2 + 6*l - 3. What is b(h)?
-3
Suppose 0 = -2*d - 6 + 12. Suppose -q - 3 = -d*q + 5*b, 3*q = 4*b + 1. Let k(g) = g + 1. Give k(q).
0
Let q(z) = z - 12*z**3 + 1 - z**2 - 5*z + 5*z. What is q(-1)?
11
Suppose 2*o - 3*o - 4*c = -11, -2*o + 10 = 2*c. Let n(f) = 8*f**2 + 12*f**2 + f**o - 16*f**2. Calculate n(-3).
9
Let f(o) = -12 - 6 + 29 - 5*o**2 - 7 + o**3. What is f(5)?
4
Let s(n) = 2*n**2. Let k be s(1). Suppose -2*g = -k - 6. Let b(y) = y**2 - 4*y - 3. Let t be b(g). Let i(z) = 2*z + 2. What is i(t)?
-4
Let h(x) be the second derivative of -x**5/20 - x**4/3 - x**3/6 + 7*x. Determine h(-3).
-6
Let p be ((-20)/16)/((-1)/(-4)). Let o = p + 6. Let j(x) = o + 5*x - 5*x + x. Determine j(-1).
0
Let p be (-2 - (-3 - -4)) + 13. Let i be (32/20)/((-4)/p). Let x(n) = n**3 + 3*n**2 - 4*n. What is x(i)?
0
Suppose 0*z - 5*l + 18 = 2*z, l = 2*z - 6. Suppose 12 = -z*n - 8. Let c(g) = g + 6. Determine c(n).
1
Let o(z) = z**3 - 3*z**2 - 2. Let m(k) = 6*k**3 - 16*k**2 + k - 10. Let r(i) = 2*m(i) - 11*o(i). Let n = -3 + 11. Let c = n - 10. What is r(c)?
-6
Let s(a) = -a**2 + 2*a + 3. Let g be (2 + -1)/((-5)/(-20)). Suppose -g*q = -3*q + 2. Determine s(q).
-5
Let o be 1/(18/(-4)) - 56/(-9). Let s(h) = -h**3 + 6*h**2 - h. Calculate s(o).
-6
Let r(t) = t**2 - 6*t + 5. Let d be r(5). Let w(i) be the first derivative of -i**4/4 - i**3/3 + i**2/2 + i + 1. Determine w(d).
1
Let i(y) = y - 5. Let d = -10 + 12. Suppose -d*n - 5 = -3*n. What is i(n)?
0
Suppose 5 + 3 = 4*d. Suppose 10 = -t + d*t - 2*c, 6 = 2*t + 3*c. Let q(o) = 1. Let g(l) = -3*l + 3. Let z(j) = t*q(j) - g(j). What is z(-2)?
-3
Let m(q) = -4*q**2 + 6*q**3 + 7*q**3 + 2 + 4*q - 12*q**3 - 4. Let u(c) = -c**2 + 4*c + 7. Let b be u(5). Give m(b).
-2
Let b(z) = -3*z**3 + z**2 + z + 1. Suppose -3*v = 10 - 1. Let u be 8/v + (-4)/(-6). Let k be (u/(-2))/(2 - 3). Calculate b(k).
4
Let o(p) = p**2 + 8*p + 2. Let v(s) = -2 + 0*s**3 + 4 + 7*s**3 - 1. Let w be v(-1). Calculate o(w).
-10
Suppose 2*u = t - 6*t - 22, 2*t + 4 = 4*u. Let s = u - -6. Let x(v) be the third derivative of -v**5/60 + v**4/4 - 7*v**3/6 - 11*v**2 - 4. What is x(s)?
-2
Let f(h) = -h**3 + h**2 - 5. Let r(j) = j**3 + 8*j**2 + 7*j. Let i be r(-7). What is f(i)?
-5
Let i(y) be the first derivative of -y**4/4 - y**3 - y**2/2 + 3*y + 1. Let t be 146/10 + 4/10. Suppose z = 6*z + t. Determine i(z).
6
Let d(z) = -z + 4. Let h be d(-1). Let w(u) = -5 - 2*u + 5 - 2. Calculate w(h).
-12
Let r(o) = -2*o - o**3 + 14*o**2 - 14*o**2. Calculate r(2).
-12
Let q(h) = 5*h**2 + 452 - 227 - h - 227. Determine q(2).
16
Let g be (-1)/2*(-16 + -4). Let t be ((-4)/10)/((-2)/g). Let v(n) = 4*n + 1 - 2*n - 3*n**2 + 5*n**t. Calculate v(-2).
5
Let k be 0*((-2)/10)/(4/10). Let f(v) = -v - 6. Calculate f(k).
-6
Let c(y) = 8*y**2 - 6*y - 2. Let f(x) = -x**2 + x - 1. Let u(j) = -c(j) - 4*f(j). Let v(d) = -5*d**2 + 3*d + 7. Let h(q) = 4*u(q) - 3*v(q). Give h(0).
3
Suppose 20 = c - 5*c. Let o(t) = t**3 + 4*t**2 - 6*t + 1. Give o(c).
6
Let h(m) be the third derivative of -m**4/6 - 5*m**2. What is h(-1)?
4
Let p = -1 + 0. Suppose -4*y + 2*y = -3*l - 13, 0 = 4*y + l - 5. Let w(s) = -1 - y*s**2 - 4*s + 0 - 6*s**3 + 2*s. Calculate w(p).
5
Let k(i) = i**3 - 4*i**2 - 7*i + 5. Let z = 14 - 9. Determine k(z).
-5
Let b(g) = g**3 - 8*g**2 - 5. Suppose -3*n - 2*j - 5 + 33 = 0, n + j = 10. Let u be b(n). Let x(q) = q**2 + 5*q - 6. Determine x(u).
-6
Let r(p) = p. Suppose 65 - 15 = 5*f. Suppose f = 3*x - 2*i - 13, -x + i = -9. Let b be -1*(1 - 0) - x. Determine r(b).
-6
Suppose 3 = -4*h + 3*m, 3*h + h + 3*m = 3. Let j be h + 0 + 3 + 0. Let l(t) = -t**2 - 4*t**3 + j*t**3 + 3*t - t**2. Calculate l(-3).
0
Let j(x) be the first derivative of -x**2 + 3*x - 1. Suppose -4*h + 18 = -2*h. Suppose 6*y - h = 3*y. What is j(y)?
-3
Let l(g) = 0 + 11 - 28*g - 3*g**2 + 4*g**2 + 20*g. Give l(8).
11
Let w(b) = 2*b - 2. Let m(x) = -x. Let n be m(-5). Let q be 66/(-4)*4/(-6). Suppose n*a = q + 9. Calculate w(a).
6
Let u(x) = -2*x + 5. Suppose -11*t + 6*t = -20. What is u(t)?
-3
Let r(k) = -k**2 + 8*k - 10. Suppose 0 = 3*m - 6*m + 18. Let n be 20/3 + m/18. Calculate r(n).
-3
Let o be (-16)/(-56) - (-5)/7. Suppose 0 = -3*i + q - o, -4*i = -3*q - q - 12. Let d(g) be the third derivative of g**4/12 - g**3/3 - g**2. Give d(i).
-6
Let c(f) be the second derivative of -1/2*f**2 + 0*f**3 + 3*f - 1/20*f**5 - 1/6*f**4 + 0. What is c(-3)?
8
Let u(a) = 2*a**2 - 3*a**2 - a - a**3 - a + a. What is u(0)?
0
Let j(n) = -2*n + 6. Let t = -17 + 19. Let k be (-1 + 0)/((-1)/2). Let y be k*2*(t - 1). Give j(y).
-2
Suppose -g - 1 - 3 = 0. Let t(s) = -s**2 - s - 1 - 5*s + 3*s. What is t(g)?
-5
Let i be (-426)/(-21) - (-4)/(-14). Suppose 5*u + i + 14 = 4*o, 5*u + 22 = 2*o. Let m(y) = -y**3 + 5*y**2 + 7*y - 5. Calculate m(o).
1
Let k(p) = 4*p**2 + 2*p - 1. Let h(q) = q + 3. Let g be h(-7). Let d be 4 - g/2*-1. Let f be 4 - ((6 - d) + -1). Determine k(f).
5
Let f(y) = 4*y - 2*y**2 + 2 + y**3 + 6*y**2 + 0*y**3. Give f(-3).
-1
Let p(f) = -f**3 + 4*f**2 - 2*f - 2. Let v(c) = 2*c + 5. Let k(w) = w + 4. Let n(i) = -3*k(i) + 2*v(i). Let g be n(4). Let o be (g + 12/(-2))/(-2). Give p(o).
2
Let o(r) = -r - 2. Let t(s) = -s**3 - 9*s**2 - 12*s - 14. Let c be t(-8). Suppose w - 5*k = -1, -5*w + c + 7 =